e the prime factors of o?
7
Let z(l) = 5*l**2 + 2*l**3 + 4 - l**3 + 0*l**3. Let g be z(-4). Let m = 33 - g. What are the prime factors of m?
13
What are the prime factors of (8/((-48)/(-1278)))/3?
71
List the prime factors of (198 + -21)/(2/(-8) + 1).
2, 59
Let a = -7 - -6. List the prime factors of 16 + (1 - 1/a).
2, 3
Let d(m) = 16*m**2 + 2*m + 2. List the prime factors of d(-2).
2, 31
Let a(g) = g**3 - 1. Let l(u) = 2*u**3 + 3*u**2 - 2*u - 6. Let x(r) = a(r) - l(r). Suppose 5*m = 3*m - 4, 5*j + 4*m + 28 = 0. List the prime factors of x(j).
13
Let t = 14 - -7. Let z be 69/t - 2/7. Suppose z*n - 51 = -18. List the prime factors of n.
11
Suppose -3*c - 4*t = 14, -3*c + 33 = c - 5*t. Suppose 11 - 5 = c*x. What are the prime factors of x?
3
Suppose -3*v + 2*d + 54 = 0, d = 4*v - 0*v - 67. List the prime factors of v.
2
Let x(g) = g**2 - 8*g - 4. List the prime factors of x(13).
61
Let w be 6/(-2) - (12 + -3). Let i = w + 28. What are the prime factors of i?
2
Let y be (-74)/(-10) - 8/20. Let s(g) = -g**3 + 8*g**2 - 8*g + 8. Let b be s(y). Suppose 0 = c - 2 - b. List the prime factors of c.
3
Suppose 28*u - 363 = 25*u. List the prime factors of u.
11
Let o be (-4 - -3)*1 - -4. Suppose -2*j - 2*j = -o*c - 27, 0 = 4*j + 5*c + 13. Suppose 5*l - 2*f - 53 = -0*f, -j*l - 3*f = -36. List the prime factors of l.
11
Let x(n) = 22*n**2 + 3*n - 13. List the prime factors of x(4).
3, 13
Suppose 3*i = -13 + 4. Let y = 8 + i. What are the prime factors of y?
5
Let b(k) = k + 6. Let g be b(-7). Let j(q) = q - 1. Let r(x) = x**2 + 7*x - 6. Let h(n) = g*r(n) + 2*j(n). What are the prime factors of h(-3)?
2, 5
Let d = -33 + 68. What are the prime factors of d?
5, 7
What are the prime factors of (-10)/(-45) - (-385)/9?
43
Let w = 5 + -1. Suppose -3*u - 5*k + 17 = -4*u, -4*k + 28 = w*u. Suppose 0 = -3*r - u*p + 24, p - 2*p + 16 = 2*r. List the prime factors of r.
2
Suppose 28 = 7*p - 3*p. Suppose 5 = 2*s - 3*h - p, -h - 5 = -s. Suppose -3*v = -3*c - 24, -28 = -v - 3*v + s*c. List the prime factors of v.
2
Let k = -133 + 286. List the prime factors of k.
3, 17
Suppose -2*l - 3*u - 10 = 0, 2*u - 2 = l - 4. Let z be (-76)/(-12) + l/6. What are the prime factors of (-2)/z + (-22)/(-3)?
7
List the prime factors of -45*(14/12)/((-7)/14).
3, 5, 7
Suppose -3*t + n + 10 = 0, -3*n + 10 = -2*t + n. Suppose k + 3*r + 4 = 0, 2 = -3*k - t*r + 10. What are the prime factors of k?
11
Suppose 6 - 38 = -2*p. What are the prime factors of p?
2
Let x(k) = -k**3 + 10*k**2 + 5. List the prime factors of x(10).
5
Suppose -431 = -4*r + 5*m, m + 337 = 8*r - 5*r. What are the prime factors of r?
2, 3, 19
Suppose 885 = 6*m - 213. List the prime factors of m.
3, 61
Suppose -3*c = -4*n - 128, -5*c - n + 2*n = -219. Let v = c - 20. What are the prime factors of v?
2, 3
Let u(y) = y**2 + 4*y. Let w be (9/(-2))/((-6)/(-8)). Let b be u(w). Let z = -8 + b. What are the prime factors of z?
2
Let p(g) = -g + 4. List the prime factors of p(-10).
2, 7
Let m(y) = -y**3 - 4*y**2 - 3*y + 2. Let w be m(-3). Suppose -i - 4*x + 17 = 0, 4*i - 68 = -x + w*x. Suppose -2*z + 3 = -i. List the prime factors of z.
2, 5
Let q be 9 - 3/(2 + -1). Let y(j) = -j**2 + 8*j - 3. Let o be y(q). Let i(r) = -r**2 + 10*r + 11. What are the prime factors of i(o)?
2, 5
What are the prime factors of (-1)/7 - 1600/(-28)?
3, 19
Let f = -15 + 20. Suppose 40 = -3*o + f*o. What are the prime factors of o?
2, 5
Suppose -m = -2*v + 10, -3*v = -0*v + m - 10. Suppose -v = -t + 2. What are the prime factors of t?
2, 3
Let v = -89 + 153. List the prime factors of v.
2
Let a(d) = 10*d**2 - d + 2. What are the prime factors of a(-2)?
2, 11
Let u(t) = -t**2 + 7*t - 9. Let l be u(6). What are the prime factors of 4/6 + (-52)/l?
2, 3
List the prime factors of 22/(-3)*(-72)/12.
2, 11
Let n(r) = r**3 - 4*r**2 - 6*r + 7. Let s be n(5). Let k be s + 0 + 28 - 0. Suppose -t = -i, t + 6*i = i + k. List the prime factors of t.
5
Let r = 30 - 45. What are the prime factors of (-1)/(-3) - 175/r?
2, 3
Let g(i) be the second derivative of -i**5/20 - 2*i**4/3 + 2*i**2 + 5*i. What are the prime factors of g(-8)?
2
Let h(d) be the third derivative of -d**2 + 0*d**5 - 1/120*d**6 + 2*d**3 + 0 - 1/24*d**4 + 0*d. What are the prime factors of h(0)?
2, 3
Let i(w) = -8*w**3 - w**2 + w + 1. Let v(g) = 2*g - 1. Let h be v(1). Suppose -4*o - h = n, -o = -4*n - 3*o - 4. List the prime factors of i(n).
7
List the prime factors of ((-4)/(-5)*-1)/(9/(-1440)).
2
Suppose -12*a + 310 = -7*a. What are the prime factors of a?
2, 31
Let i = -266 + 138. What are the prime factors of (-4)/14 - i/7?
2, 3
Suppose 6*f - 8*f = -326. List the prime factors of f.
163
Suppose 21 = -2*q - 21. Let g = q - -39. Let o = -12 + g. What are the prime factors of o?
2, 3
Let d = 20 - -70. What are the prime factors of d?
2, 3, 5
Suppose 5*l = -2*t + 398, -2*t - 3*t = 5*l - 1010. What are the prime factors of t?
2, 3, 17
Let t(g) = -17*g - 8. List the prime factors of t(-17).
281
Suppose j + 2*k = 6*j - 641, -3*j - k + 378 = 0. List the prime factors of j.
127
Suppose 3*v + 4 = -8. Let r(f) be the third derivative of -f**5/60 - f**4/4 - f**3 + 2*f**2. List the prime factors of r(v).
2
Suppose -21 = -0*x + 3*x. Let z be -3 + 4 + -4 + 0. Let r = z - x. List the prime factors of r.
2
Suppose -y = 5*c - 184, 5*y - 7 - 49 = -c. List the prime factors of c.
2, 3
Let x = -21 + 21. Suppose x = 2*i - 8 - 34. What are the prime factors of i?
3, 7
Suppose -l = -y - 130, 3*y - 117 = -3*l + 255. List the prime factors of l.
127
Suppose 6*i - 4*i = 210. List the prime factors of i.
3, 5, 7
Suppose -5*g + 27 = 3*i, 4*i - 3*g + 4*g - 53 = 0. What are the prime factors of i?
2, 7
Suppose 0 = 4*d + 2 + 2, -4 = -3*j - 5*d. Suppose 3*b = 3*v + 2*v, b - j*v = 0. Suppose 5*f - 25 = b, 4*f + 16 = -5*k + 66. List the prime factors of k.
2, 3
Let m = 39 + -27. Suppose -3*v = v - m. Suppose v = -5*d + 18. What are the prime factors of d?
3
Let o(s) = -3*s - 9. Suppose -4*k - 2 = -10. Suppose 0 = -3*g - k*g - 40. List the prime factors of o(g).
3, 5
Let a(j) = -j**3 - 4*j**2 + 7*j + 12. Let d(p) = -p**2 - p. Let v(y) = a(y) + 5*d(y). Let k be v(-9). What are the prime factors of 2 - 2*k/3?
2, 3
Suppose -2*l - 2*l + 184 = 0. Let h = 1 + l. List the prime factors of h.
47
Suppose -3*a + 32 = 2*s + 2*a, 4*s - 2*a = 16. Let d(b) = -b**2 - b + 0*b**2 - 5 - s*b + 3. List the prime factors of d(-5).
2
Let c = -96 - -207. What are the prime factors of c?
3, 37
Let b = 176 + -68. Let m = -74 + b. Let h = m + -19. List the prime factors of h.
3, 5
Let o(q) = -11*q - q + q**2 + 0*q + 6 - 1. List the prime factors of o(12).
5
Suppose -5*s + 23 + 12 = 0. Let h = 11 - s. Suppose -3*p = -o - 4*p + h, -20 = -5*o + 5*p. What are the prime factors of o?
2
Suppose -3*o = -7*o + 20. Let a = o + -2. Let s = a + 11. What are the prime factors of s?
2, 7
Let i be -15*(21/(-9) + 2). Suppose 0 = -v + i - 2. Suppose -5*r = -v*r - 16. What are the prime factors of r?
2
What are the prime factors of ((-216)/10)/(6/(-20))?
2, 3
Suppose -2*s + 36 = 2*s. Let m = s + -4. What are the prime factors of m?
5
Let y(b) = -b**3 + b**2. Let f be 0 + -3*(2 + -1). Let g be y(f). Suppose 0 = -q + 5*q - g. What are the prime factors of q?
3
List the prime factors of 2/((-2)/1) + 101.
2, 5
Suppose -3*m + 0*m - 3 = 0, -5*q = -5*m - 585. Suppose -26 = 5*p - q. What are the prime factors of p?
2, 3
Suppose 5 = d, 4*d = -2*z + 57 + 7. What are the prime factors of z?
2, 11
Let y be 6 + -1*2 + 1. Suppose -y*x + 4 + 26 = 0. Suppose -5*j - 3*c = -47, j + c + 3*c - x = 0. List the prime factors of j.
2, 5
Let v = 41 + 49. What are the prime factors of v?
2, 3, 5
Let v be 30/8 + 2/8. Let l(y) = 6*y - 1. Let f be l(v). Let q = -8 + f. What are the prime factors of q?
3, 5
Suppose -2*j + 15 = -5*u - 7, u - 2 = 2*j. Let g(h) = -h - 1. Let q be g(u). Let w = q + 1. List the prime factors of w.
2, 3
Suppose 5*l = 2 + 13. Let v(o) = -4 + 5*o + 4*o**2 + 2*o**2 - o**3 + 1 - 3*o**2. What are the prime factors of v(l)?
2, 3
Let f(a) = 8*a + 30. List the prime factors of f(11).
2, 59
Suppose 6*g = 3*g + 5*s + 319, 3*s + 407 = 4*g. List the prime factors of g.
2, 7
Let y(j) = j**2 - j - 1. Let o be y(-1). List the prime factors of -1*o + (2 - -7).
2
Let f(z) = 2*z - 19. Let n be f(11